 prime factors of 7703597068.
2, 31319, 61493
List the prime factors of 254390152.
2, 277, 114797
What are the prime factors of 23304711?
3, 7768237
What are the prime factors of 85085597?
85085597
What are the prime factors of 94776913?
7, 11, 1230869
What are the prime factors of 1092003437?
7, 156000491
List the prime factors of 900919115.
5, 180183823
List the prime factors of 1388252207.
47, 457, 64633
What are the prime factors of 96144532?
2, 11, 2185103
What are the prime factors of 29657182?
2, 14828591
List the prime factors of 70325704.
2, 167, 52639
List the prime factors of 419779956.
2, 3, 593, 58991
List the prime factors of 292197420.
2, 3, 5, 1623319
What are the prime factors of 437223134?
2, 73, 41023
List the prime factors of 983717451.
3, 31, 3525869
List the prime factors of 374886003.
3, 124962001
What are the prime factors of 374880791?
101, 3711691
What are the prime factors of 1594575020?
2, 5, 43, 1854157
What are the prime factors of 105617165?
5, 1999, 10567
What are the prime factors of 51238940?
2, 5, 23, 29, 167
List the prime factors of 4219557051.
3, 71, 19810127
List the prime factors of 898030289.
13, 31, 101, 22063
List the prime factors of 48194420.
2, 5, 431, 5591
What are the prime factors of 657091084?
2, 13, 43, 71, 4139
List the prime factors of 112957772.
2, 28239443
What are the prime factors of 1902417318?
2, 3, 105689851
What are the prime factors of 3995834692?
2, 227, 277, 15887
List the prime factors of 181333101.
3, 17, 3555551
List the prime factors of 27549753.
3, 7, 11, 19, 6277
List the prime factors of 227818966.
2, 113909483
List the prime factors of 52980592.
2, 7, 23, 131, 157
What are the prime factors of 196447161?
3, 73, 897019
List the prime factors of 268393036.
2, 67098259
What are the prime factors of 325680051?
3, 108560017
What are the prime factors of 54170920?
2, 5, 757, 1789
What are the prime factors of 14494529?
7, 389, 5323
What are the prime factors of 327767312?
2, 37, 461, 1201
What are the prime factors of 225052779?
3, 7, 47, 107, 2131
List the prime factors of 258773726.
2, 129386863
List the prime factors of 115790218.
2, 19, 127, 23993
List the prime factors of 3705590464.
2, 57899851
List the prime factors of 146238155.
5, 7, 19, 29, 7583
List the prime factors of 1198498909.
1198498909
What are the prime factors of 52680563?
13, 31, 37, 3533
List the prime factors of 69482090.
2, 5, 6948209
What are the prime factors of 482226097?
17, 691, 41051
What are the prime factors of 61388557?
61388557
What are the prime factors of 409760562?
2, 3, 7867, 8681
List the prime factors of 47639402.
2, 29, 439, 1871
List the prime factors of 205727349.
3, 4027, 17029
What are the prime factors of 9470831?
379, 24989
List the prime factors of 3857010.
2, 3, 5, 83, 1549
What are the prime factors of 261316501?
23, 313, 36299
What are the prime factors of 5886503002?
2, 659, 4466239
What are the prime factors of 2886198335?
5, 7919, 72893
What are the prime factors of 75074777?
31, 2421767
List the prime factors of 5993488.
2, 29, 12917
What are the prime factors of 84034576?
2, 29, 61, 2969
List the prime factors of 38881332.
2, 3, 7, 154291
What are the prime factors of 7011947215?
5, 7, 13, 2521, 6113
List the prime factors of 4469648516.
2, 71, 15738199
What are the prime factors of 314812282?
2, 5471, 28771
List the prime factors of 993166886.
2, 29, 71, 241177
List the prime factors of 38015646.
2, 3, 6335941
What are the prime factors of 2254520346?
2, 3, 13, 47, 614981
List the prime factors of 1230089867.
197, 271, 23041
List the prime factors of 48438175.
5, 193, 10039
What are the prime factors of 1638193498?
2, 2339, 350191
What are the prime factors of 623456896?
2, 1777, 2741
List the prime factors of 58303146.
2, 3, 11, 457, 1933
What are the prime factors of 4175114?
2, 2087557
List the prime factors of 50605821.
3, 7, 17, 47251
What are the prime factors of 199194870?
2, 3, 5, 7, 948547
List the prime factors of 159774785.
5, 31954957
What are the prime factors of 5684533991?
5684533991
List the prime factors of 339781102.
2, 61, 2785091
What are the prime factors of 25978044?
2, 3, 67, 79, 409
What are the prime factors of 913674214?
2, 17, 2339, 11489
What are the prime factors of 76050427?
67, 1135081
List the prime factors of 168293784.
2, 3, 7012241
What are the prime factors of 24258862?
2, 47, 421, 613
What are the prime factors of 51394051?
131, 392321
List the prime factors of 22330361.
1033, 21617
What are the prime factors of 1592073937?
1592073937
List the prime factors of 16498838.
2, 71, 116189
List the prime factors of 30591020.
2, 5, 331, 4621
List the prime factors of 843134435.
5, 11, 13, 31, 38039
List the prime factors of 16082497.
23, 193, 3623
List the prime factors of 37065115.
5, 7413023
What are the prime factors of 80547381?
3, 337, 26557
List the prime factors of 60876021.
3, 41, 494927
What are the prime factors of 46977140?
2, 5, 7, 307, 1093
List the prime factors of 363967963.
363967963
What are the prime factors of 1623555797?
167, 9721891
What are the prime factors of 142234752?
2, 3, 11, 151, 223
List the prime factors of 4482367805.
5, 19, 151, 312469
List the prime factors of 572157676.
2, 107, 1336817
List the prime factors of 1855159.
17, 29, 53, 71
List the prime factors of 4515975106.
2, 2257987553
What are the prime factors of 350388155?
5, 13, 5390587
List the prime factors of 39594531.
3, 167, 79031
List the prime factors of 347152555.
5, 353, 196687
List the prime factors of 2911514758.
2, 17, 85632787
List the prime factors of 443105627.
443105627
What are the prime factors of 45002128?
2, 17, 165449
What are the prime factors of 236682019?
7, 43, 786319
List the prime factors of 440354163.
3, 31, 4734991
What are the prime factors of 1043651734?
2, 11069, 47143
What are the prime factors of 70444054?
2, 35222027
List the prime factors of 1444597100.
2, 5, 17, 849763
List the prime factors of 799581038.
2, 593, 674183
List the prime factors of 2164469822.
2, 1082234911
List the prime factors of 10290474.
2, 3, 17, 33629
What are the prime factors of 2861329576?
2, 7, 51095171
What are the prime factors of 230838256?
2, 11, 263, 4987
What are the prime factors of 3317396097?
3, 647, 1213, 1409
What are the prime factors of 2947745830?
2, 5, 83, 3551501
What are the prime factors of 358217356?
2, 7, 12793477
What are the prime factors of 13541962?
2, 7, 17, 3347
List the prime factors of 51608102.
2, 7, 13, 233, 1217
List the prime factors of 439928538.
2, 3, 7, 10474489
List the prime factors of 87159115.
5, 103, 169241
What are the prime factors of 2590892421?
3, 13, 19, 73, 211, 227
List the prime factors of 6293151535.
5, 11, 114420937
What are the prime factors of 75152002?
2, 17, 2210353
List the prime factors of 32608674.
2, 3, 7, 19, 53, 257
List the prime factors of 3978976750.
2, 5, 7, 2273701
List the prime factors of 3103425226.
2, 11, 103, 1369561
List the prime factors of 389918746.
2, 7, 29, 977, 983
List the prime factors of 3890165704.
2, 486270713
List the prime factors of 7170869709.
3, 613, 433259
What are the prime factors of 600922644?
2, 3, 7, 2221, 3221
List the prime factors of 1179010144.
2, 13, 2834159
List the prime factors of 1588896800.
2, 5, 1986121
List the prime factors of 223505370.
2, 3, 5, 11, 401, 563
What are the prime factors of 50321794?
2, 25160897
List the prime factors of 230689662.
2, 3, 7, 31, 163, 1087
What are the prime factors of 5651480?
2, 5, 17, 8311
List the prime factors of 45632894.
2, 53, 430499
What are the prime factors of 34026099?
3, 83, 136651
What are the prime factors of 1329406?
2, 13, 51131
List the prime factors of 4808903892.
2, 3, 13, 31, 89, 11173
List the prime factors of 125241824.
2, 3913807
What are the prime factors of 416465829?
3, 13, 3559537
List the prime factors of 161515776.
2, 3, 17, 89, 139
List the prime factors of 852989161.
17, 2179, 23027
List the prime factors of 1225020288.
2, 3, 19, 8837
What are the prime factors of 43469754?
2, 3, 7244959
What are the prime factors of 114953600?
2, 5, 35923
What are the prime factors of 95117570?
2, 5, 313, 30389
List the prime factors of 140344804.
2, 23, 29, 41, 1283
List the prime factors 